ose -8*j + 5*j + s = 0. Calculate the greatest common factor of 33 and j.
11
Let p = 1017 - 481. Calculate the highest common divisor of 8 and p.
8
Suppose j = -0*j + 1. Let y be 1 + j - (-6 + 3). Let q be 299/y - (-6)/30. What is the greatest common factor of q and 20?
20
Suppose -42*g - 7392 = -58*g. What is the greatest common factor of 66 and g?
66
Suppose -14*c = -6*c - 6880. What is the highest common factor of 40 and c?
20
Let g(d) = -d**2 + 8*d - 3. Let k be g(6). Let o(n) = 5*n - 13. Let x be o(k). Suppose 1 = 3*u - x. Calculate the highest common divisor of 121 and u.
11
Suppose -41*l + 7*l = -952. Calculate the highest common divisor of 2492 and l.
28
Suppose 1250 = 5*c - 5*l, -2*c + 0*c = 4*l - 488. Calculate the greatest common factor of c and 8.
8
Suppose -y - 1 = 0, -4*n + 22 = -y - 3. What is the highest common divisor of 34 and n?
2
Suppose -227 - 13 = -6*i. Let l = 30 - 14. What is the highest common factor of l and i?
8
Let g(f) = 2*f**2 + 33*f - 187. Let w be g(-32). What is the highest common divisor of w and 115?
115
Suppose 6*j - 215 = 169. What is the highest common divisor of 1472 and j?
64
Suppose 2*j + 5*l = 16, 0 = -j - l + 2 + 3. Suppose -j*f - 84 = -4*s, 7*s + f - 50 = 4*s. What is the highest common factor of 18 and s?
18
Let l(o) = o**3 + 20*o**2 + 37*o + 23. Let u be l(-18). Let y be -1 - -6 - (-2 - -2). What is the greatest common factor of u and y?
5
Let o(b) = b**3 + 34*b**2 + 33*b + 38. Let d be o(-33). What is the highest common factor of 2546 and d?
38
Let f be (20/(-35))/(4/(-14)). Suppose -f*r = 4*c + 118, 51 = 5*r + 4*c + 364. Let l = 100 - r. Calculate the greatest common divisor of l and 15.
15
Let n = -49 + 33. Let b = -7 - n. What is the highest common factor of b and 2?
1
Let y(v) = 3*v**2 + 12*v - 11. Let o be y(6). Calculate the greatest common divisor of 26 and o.
13
Let s = -595 + 643. Let c = 6 - 2. Suppose -c*w + 80 = w. Calculate the greatest common divisor of s and w.
16
Suppose 0 = 9*y - 268 - 551. What is the greatest common factor of 7 and y?
7
Let n be ((-3496)/230)/((-2)/5). What is the highest common divisor of 513 and n?
19
Let f be (7 - 3)/(-1) - -202. Let k(n) = -3*n. Suppose 0 = -2*i - 2*i - 2*z - 26, -3*z = -3*i - 15. Let o be k(i). What is the highest common factor of f and o?
18
Let v(l) = -2*l + 4. Let n be v(7). Suppose i = 5*u - 0*u + 11, 4*i + 28 = 2*u. Let r = i - n. Calculate the greatest common factor of r and 8.
1
Suppose -p + 48 = 4*k, 31 + 5 = 3*k - 3*p. What is the greatest common factor of 68 and k?
4
Suppose -3*v = -14*v + 198. Calculate the highest common factor of v and 288.
18
Suppose 0 = -2*x - 6 + 34. Suppose d - 120 = -2*c, 2*c - 556 = -5*d + 3*c. What is the highest common factor of x and d?
14
Let z = -28 + 58. Suppose -66 = -4*k - 3*j, 2*j + 24 - 2 = k. What is the highest common divisor of z and k?
6
Suppose 3*v - 129 = 3*q, -v = -0*v - 3*q - 37. Let g = -170 + 54. Let l be 4 - (10 + -5) - g. What is the highest common divisor of v and l?
23
Let k be 12*((-8)/12 - -1). Suppose -16 = k*j - 5*j - 2*g, 0 = -4*j + 4*g + 76. What is the highest common divisor of 126 and j?
18
Let z(x) = 7*x**2 + 5*x + 2. Let v be z(3). Suppose -3*n = 2*y - v, 5*n + 0*y = 5*y + 175. Calculate the highest common divisor of n and 10.
10
Suppose -z = -4*i + 14, 2*i - z + 6*z = 18. Suppose 0 = w - i*w + 54. What is the greatest common factor of 162 and w?
18
Let w = 17 - 13. Suppose -y + w = 3. Let b be 6/9*9 + 3. What is the greatest common divisor of b and y?
1
Suppose g - 1 = -5*v - 4, 4*v = -3*g + 2. Suppose -5*n - 120 = -4*w, -g*w + 0*w - 5*n = -30. What is the greatest common factor of 175 and w?
25
Let j = 198 - 195. Let m = -22 - -67. Let r = m + -21. Calculate the highest common factor of r and j.
3
Let u be (-145 - -147) + (-30)/(-2). What is the greatest common divisor of u and 799?
17
Suppose -4*i - 2 = -2*x - 0*i, 3*x - 4*i = 7. Calculate the greatest common factor of x and 155.
5
Suppose -22 = -4*s - 0*s - 2*t, 4*t - 11 = 3*s. Suppose a = 3*u - 2*u + 7, 2*u = 5*a - 23. Calculate the highest common divisor of s and a.
3
Suppose 14*t - 19*t - 310 = 0. Let n be t/22 - -3 - (-700)/22. What is the greatest common factor of 80 and n?
16
Suppose -363*y + 81 = -360*y. Let f be ((-81)/(-6))/(2/28). What is the greatest common divisor of y and f?
27
Suppose 4*n = -9 + 21. Suppose n*o - 8 = 2*o. Let d(v) = -v**3 - 12*v**2 + 8*v + 15. Let b be d(-13). Calculate the greatest common factor of b and o.
8
Suppose 5*t - 408 = 417. Let a be (-1)/(6/(-2))*99. Calculate the greatest common divisor of a and t.
33
Suppose 66 + 42 = 4*w. Suppose -2*h + 5*s = -h - w, -5*h + s = -135. Calculate the greatest common factor of 189 and h.
27
Suppose 0 = 8*f + 75 - 779. Let k be (3 - 1)/(8/f). Calculate the greatest common factor of 198 and k.
22
Let f(x) = -13*x + 12. Let v be f(0). Let t(p) = -p**3 + 6*p**2 - 4*p + 7. Let b be t(5). What is the greatest common divisor of v and b?
12
Suppose 0 = -7*c + 21*c - 308. Let m be ((-11)/(33/24))/((-1)/c). Calculate the greatest common factor of m and 16.
16
Let u = 84 - 73. Suppose -5*p + 5*n = 20, 2*p = -2*n - 0*n + 12. What is the highest common factor of p and u?
1
Let k(i) = -i**3 + 8*i**2 + 3*i. Let w = 29 + -22. Let z be k(w). Let v = -7 + 21. Calculate the greatest common factor of z and v.
14
Let s(i) = -31*i - 157. Let b be s(-7). What is the highest common factor of 20 and b?
20
Suppose -w + 78 = 2*w + 4*n, 114 = 4*w + 2*n. Suppose b = -4*z + 41, 4*z - 3 = 3*b + 34. What is the highest common divisor of z and w?
10
Suppose -3*h + 30 = -0*h. Suppose -3*q = -b + 9 - 3, -3 = q. Let w be h + (1 + -4 - b). Calculate the highest common factor of 20 and w.
10
Let v be (-61)/(-4 + 2 + 3). Let x = v + 237. Let n be 16/(-2 + 0 + 3). Calculate the greatest common divisor of x and n.
16
Let h be (-1992)/(-4)*(-1)/2. Let z = -145 - h. Let w(q) = q**2 + q - 7. Let l be w(4). Calculate the highest common factor of l and z.
13
Suppose -22*f = -277 + 35. Calculate the greatest common factor of f and 1859.
11
Suppose -4*q = f + 36, 0*q + 5*q + 5*f + 45 = 0. Let n be (-1)/q - 860/(-36). Calculate the highest common divisor of n and 96.
24
Suppose s = -5*r + 1496, -3 = -5*s + 2*s. What is the greatest common factor of r and 39?
13
Let s(i) = i**3 + 15*i**2 + 14*i + 2. Let v be s(-14). Suppose v*w + 445 = 3*h, 4*w = -h - 0*h + 139. Calculate the highest common divisor of 21 and h.
21
Let o = -1887 - -4511. What is the greatest common factor of o and 82?
82
Let x = 10 + -5. Suppose 17 = -x*v + 1007. What is the highest common divisor of v and 22?
22
Suppose 2*v - 2*u - 2*u = 0, -4 = -2*v + 3*u. Let p be (2/1)/((-2)/(-8)). What is the greatest common divisor of p and v?
8
Suppose 23*x - 403 = 57. Calculate the greatest common factor of 380 and x.
20
Suppose 5*k + v = 58, -3*k - 8*v + 5*v + 30 = 0. Calculate the highest common divisor of 168 and k.
12
Let r = 54 + -51. Suppose r*f - 38 + 5 = 0. What is the greatest common divisor of 55 and f?
11
Let p be (0 + -85 - -8)*(-1 - 0). Let b = p - 13. What is the highest common factor of b and 8?
8
Let c be (4*(0 - 1))/(-2). Let m(s) = -12*s**c + 10 - s**3 + 9*s + 4*s + 9. Let x be m(-13). What is the greatest common factor of x and 38?
19
Let d be (-6)/3 - (-40 - -3). What is the highest common factor of 21 and d?
7
Suppose -k - 40 = -3*k. Let m = -23 + 32. Let u be (k/15)/(1/m). What is the highest common factor of u and 48?
12
Let c = 43 - -146. Suppose 12*b - c = 5*b. What is the highest common divisor of 108 and b?
27
Suppose -384 = -4*n + 3*i, -n - i - 384 = -5*n. Suppose -3*m + 2*f + 0*f = -n, -4*m + 117 = f. Calculate the greatest common factor of 10 and m.
10
Suppose -d + 2*c - 13 = -5, 0 = 3*c - 12. Suppose d = -2*h - h + 18. Calculate the highest common divisor of 6 and h.
6
Let g = 19 - 18. Let r be 9/(-3)*(0 - g/3). Calculate the highest common factor of r and 1.
1
Let d = -27 - -29. Suppose 16 = -d*u + 68. What is the greatest common factor of 13 and u?
13
Suppose 3*z - 5 = 6*z + 4*k, 5*k = -25. Suppose -z*w + 62 = h, -3*w - 4*h + 20 = -2*w. Calculate the greatest common divisor of w and 132.
12
Let g = 81 + 73. Suppose v - 17 = -3. What is the highest common divisor of g and v?
14
Let g be (-144)/4*(-3)